{"id":20,"date":"2023-12-27T11:24:23","date_gmt":"2023-12-27T10:24:23","guid":{"rendered":"https:\/\/lustlivinginterior.com\/?page_id=20"},"modified":"2024-02-13T13:34:17","modified_gmt":"2024-02-13T12:34:17","slug":"politique-de-confidentialite-et-mentions-legales","status":"publish","type":"page","link":"https:\/\/lustlivinginterior.com\/?page_id=20","title":{"rendered":"Politique de confidentialit\u00e9 et Mentions l\u00e9gales"},"content":{"rendered":"\t\t<div data-elementor-type=\"wp-page\" data-elementor-id=\"20\" class=\"elementor elementor-20\">\n\t\t\t\t<div class=\"elementor-element elementor-element-ff69521 e-flex e-con-boxed e-con e-parent\" data-id=\"ff69521\" data-element_type=\"container\" data-e-type=\"container\">\n\t\t\t\t\t<div class=\"e-con-inner\">\n\t\t\t\t<div class=\"elementor-element elementor-element-a4696e6 elementor-widget elementor-widget-spacer\" data-id=\"a4696e6\" data-element_type=\"widget\" data-e-type=\"widget\" data-widget_type=\"spacer.default\">\n\t\t\t\t<div class=\"elementor-widget-container\">\n\t\t\t\t\t\t\t<div class=\"elementor-spacer\">\n\t\t\t<div class=\"elementor-spacer-inner\"><\/div>\n\t\t<\/div>\n\t\t\t\t\t\t<\/div>\n\t\t\t\t<\/div>\n\t\t\t\t<div class=\"elementor-element elementor-element-5d7091d elementor-widget elementor-widget-text-editor\" data-id=\"5d7091d\" data-element_type=\"widget\" data-e-type=\"widget\" data-widget_type=\"text-editor.default\">\n\t\t\t\t<div class=\"elementor-widget-container\">\n\t\t\t\t\t\t\t\t\t<p>INFORMATIONS LEGALES<\/p><p>Ce site est la propri\u00e9t\u00e9 de la soci\u00e9t\u00e9 LUST LIVING INTERIOR.<\/p><p>Raison sociale: LUST LIVING INTERIOR<br \/>Si\u00e8ge social: 85 avenue Edouard Vaillant, 92100 Boulogne-Billancourt<br \/>Tel : 06 82 12 59 73, lea@lustlivinginterior.com<br \/>EI dans le secteur des activit\u00e9s sp\u00e9cialis\u00e9es de design et de l\u2019architecture d\u2019int\u00e9rieur<br \/>SIREN : 983030206<br \/>G\u00e9rant : Mme Lea Lust<br \/>Directeur de publication : Mme Lea Lust<br \/>Strat\u00e9gie \u00e9ditoriale, r\u00e9daction des contenus : Mme Lea Lust<br \/>H\u00e9bergement : Hostinger<br \/>D\u00e9veloppement du site internet : Mme Lea Lust<br \/>Cr\u00e9dits Photos : Mme Lea Lust , ou images libres de droit Kaboom pics<\/p><p>PROPRIETE INTELLECTUELLE<br \/>Le site internet, sa structure g\u00e9n\u00e9rale ainsi que les textes, dessins, maquettes et photographies sont la propri\u00e9t\u00e9 de Lust Living Interior, soci\u00e9t\u00e9 LEA LUST EI. Ils sont prot\u00e9g\u00e9s par les l\u00e9gislations fran\u00e7aises relatives \u00e0 la Propri\u00e9t\u00e9 Intellectuelle et les accords internationaux comportant des dispositions relatives \u00e0 la protection des droits d\u2019auteurs. Toute reproduction, repr\u00e9sentation, diffusion totale ou partielle, par quelque proc\u00e9d\u00e9 et sous quelque support que ce soit, faite sans le consentement expr\u00e8s et pr\u00e9alable de Mme Lea Lust Ei, est interdite et de nature \u00e0 engager la responsabilit\u00e9 de son auteur.<\/p><p>LIENS<br \/>Le site peut inclure des liens vers d\u2019autres sites web ou d\u2019autres sources internet. Dans la mesure o\u00f9 Lust Living Interior ne peut contr\u00f4ler ces sites et ces sources externes, Nous ne pouvons encourir aucune responsabilit\u00e9 du fait d\u2019erreurs, d\u2019omissions, ni davantage pour les r\u00e9sultats qui pourraient \u00eatre obtenus par l\u2019usage de ces informations.<br \/>Notamment, l\u2019usage de liens hypertextes peut conduire dans le cadre de votre consultation de notre site vers d\u2019autres serveurs pour prendre connaissance de l\u2019information recherch\u00e9e, serveurs sur lesquels la soci\u00e9t\u00e9 Lust Livin Interior n\u2019a absolument aucun contr\u00f4le.<\/p><p>PROTECTION DES DONNEES PERSONNELLES<br \/>Les informations que Lust Living Interior est amen\u00e9e \u00e0 recueillir sur son site par le biais de notre formulaire de contact ont pour unique but de permettre une premi\u00e8re prise de contact avec nos \u00e9quipes. Aucune information ne sera transmise \u00e0 des tiers (partenaires commerciaux, etc.). Conform\u00e9ment \u00e0 la loi n\u00b0 78-17 du 6 janvier 1978 relative \u00e0 l\u2019informatique, aux fichiers et aux libert\u00e9s, vous disposez d\u2019un droit d\u2019acc\u00e8s, de modification et de suppression des donn\u00e9es vous concernant. Vous pouvez exercer ces droits en \u00e9crivant \u00e0 notre si\u00e8ge social.<\/p><p>LES COOKIES<br \/>Lors de vos visites sur le site internet www.lustlivinginterior.com, un cookie peut s\u2019installer automatiquement sur votre logiciel de navigation. Il ne permet pas d\u2019identifier l\u2019utilisateur ; en revanche, il enregistre des informations relatives \u00e0 la navigation de votre ordinateur sur le site (les pages consult\u00e9es, la date et l\u2019heure de la consultation, etc.) permettant l\u2019analyse de la fr\u00e9quentation du site. La dur\u00e9e de conservation de ces informations dans votre ordinateur est celle de la dur\u00e9e de la session, la fermeture du navigateur supprimant l\u2019ensemble de ces informations.<\/p><p>DROIT APPLICABLE<br \/>Ce site ainsi que les pr\u00e9sentes mentions l\u00e9gales sont soumis au droit fran\u00e7ais.<\/p>\t\t\t\t\t\t\t\t<\/div>\n\t\t\t\t<\/div>\n\t\t\t\t\t<\/div>\n\t\t\t\t<\/div>\n\t\t<div class=\"elementor-element elementor-element-c2eb2ec e-flex e-con-boxed e-con e-parent\" data-id=\"c2eb2ec\" data-element_type=\"container\" data-e-type=\"container\">\n\t\t\t\t\t<div class=\"e-con-inner\">\n\t\t\t\t<div class=\"elementor-element elementor-element-68bec7b elementor-widget elementor-widget-spacer\" data-id=\"68bec7b\" data-element_type=\"widget\" data-e-type=\"widget\" data-widget_type=\"spacer.default\">\n\t\t\t\t<div class=\"elementor-widget-container\">\n\t\t\t\t\t\t\t<div class=\"elementor-spacer\">\n\t\t\t<div class=\"elementor-spacer-inner\"><\/div>\n\t\t<\/div>\n\t\t\t\t\t\t<\/div>\n\t\t\t\t<\/div>\n\t\t\t\t\t<\/div>\n\t\t\t\t<\/div>\n\t\t<div class=\"elementor-element elementor-element-c852ae3 e-flex e-con-boxed e-con e-parent\" data-id=\"c852ae3\" data-element_type=\"container\" data-e-type=\"container\">\n\t\t\t\t\t<div class=\"e-con-inner\">\n\t\t\t\t\t<\/div>\n\t\t\t\t<\/div>\n\t\t\t\t<\/div>\n\t\t","protected":false},"excerpt":{"rendered":"<p>INFORMATIONS LEGALES Ce site est la propri\u00e9t\u00e9 de la soci\u00e9t\u00e9 LUST LIVING INTERIOR. Raison sociale: LUST LIVING INTERIORSi\u00e8ge social: 85 avenue Edouard Vaillant, 92100 Boulogne-BillancourtTel : 06 82 12 59 73, lea@lustlivinginterior.comEI dans le secteur des activit\u00e9s sp\u00e9cialis\u00e9es de design et de l\u2019architecture d\u2019int\u00e9rieurSIREN : 983030206G\u00e9rant : Mme Lea LustDirecteur de publication : Mme Lea [&hellip;]<\/p>\n","protected":false},"author":1,"featured_media":0,"parent":0,"menu_order":0,"comment_status":"closed","ping_status":"closed","template":"","meta":{"_monsterinsights_skip_tracking":false,"_monsterinsights_sitenote_active":false,"_monsterinsights_sitenote_note":"","_monsterinsights_sitenote_category":0,"ocean_post_layout":"","ocean_both_sidebars_style":"","ocean_both_sidebars_content_width":0,"ocean_both_sidebars_sidebars_width":0,"ocean_sidebar":"","ocean_second_sidebar":"","ocean_disable_margins":"enable","ocean_add_body_class":"","ocean_shortcode_before_top_bar":"","ocean_shortcode_after_top_bar":"","ocean_shortcode_before_header":"","ocean_shortcode_after_header":"","ocean_has_shortcode":"","ocean_shortcode_after_title":"","ocean_shortcode_before_footer_widgets":"","ocean_shortcode_after_footer_widgets":"","ocean_shortcode_before_footer_bottom":"","ocean_shortcode_after_footer_bottom":"","ocean_display_top_bar":"default","ocean_display_header":"default","ocean_header_style":"","ocean_center_header_left_menu":"","ocean_custom_header_template":"","ocean_custom_logo":0,"ocean_custom_retina_logo":0,"ocean_custom_logo_max_width":0,"ocean_custom_logo_tablet_max_width":0,"ocean_custom_logo_mobile_max_width":0,"ocean_custom_logo_max_height":0,"ocean_custom_logo_tablet_max_height":0,"ocean_custom_logo_mobile_max_height":0,"ocean_header_custom_menu":"","ocean_menu_typo_font_family":"","ocean_menu_typo_font_subset":"","ocean_menu_typo_font_size":0,"ocean_menu_typo_font_size_tablet":0,"ocean_menu_typo_font_size_mobile":0,"ocean_menu_typo_font_size_unit":"px","ocean_menu_typo_font_weight":"","ocean_menu_typo_font_weight_tablet":"","ocean_menu_typo_font_weight_mobile":"","ocean_menu_typo_transform":"","ocean_menu_typo_transform_tablet":"","ocean_menu_typo_transform_mobile":"","ocean_menu_typo_line_height":0,"ocean_menu_typo_line_height_tablet":0,"ocean_menu_typo_line_height_mobile":0,"ocean_menu_typo_line_height_unit":"","ocean_menu_typo_spacing":0,"ocean_menu_typo_spacing_tablet":0,"ocean_menu_typo_spacing_mobile":0,"ocean_menu_typo_spacing_unit":"","ocean_menu_link_color":"","ocean_menu_link_color_hover":"","ocean_menu_link_color_active":"","ocean_menu_link_background":"","ocean_menu_link_hover_background":"","ocean_menu_link_active_background":"","ocean_menu_social_links_bg":"","ocean_menu_social_hover_links_bg":"","ocean_menu_social_links_color":"","ocean_menu_social_hover_links_color":"","ocean_disable_title":"default","ocean_disable_heading":"default","ocean_post_title":"","ocean_post_subheading":"","ocean_post_title_style":"","ocean_post_title_background_color":"","ocean_post_title_background":0,"ocean_post_title_bg_image_position":"","ocean_post_title_bg_image_attachment":"","ocean_post_title_bg_image_repeat":"","ocean_post_title_bg_image_size":"","ocean_post_title_height":0,"ocean_post_title_bg_overlay":0.5,"ocean_post_title_bg_overlay_color":"","ocean_disable_breadcrumbs":"default","ocean_breadcrumbs_color":"","ocean_breadcrumbs_separator_color":"","ocean_breadcrumbs_links_color":"","ocean_breadcrumbs_links_hover_color":"","ocean_display_footer_widgets":"default","ocean_display_footer_bottom":"default","ocean_custom_footer_template":"","footnotes":""},"class_list":["post-20","page","type-page","status-publish","hentry","entry"],"yoast_head":"<!-- This site is optimized with the Yoast SEO plugin v27.3 - https:\/\/yoast.com\/product\/yoast-seo-wordpress\/ -->\n<title>Politique de confidentialit\u00e9 et Mentions l\u00e9gales - www.lustlivinginterior.com<\/title>\n<meta name=\"robots\" content=\"index, follow, max-snippet:-1, max-image-preview:large, max-video-preview:-1\" \/>\n<link rel=\"canonical\" href=\"https:\/\/lustlivinginterior.com\/?page_id=20\" \/>\n<meta property=\"og:locale\" content=\"en_US\" \/>\n<meta property=\"og:type\" content=\"article\" \/>\n<meta property=\"og:title\" content=\"Politique de confidentialit\u00e9 et Mentions l\u00e9gales - www.lustlivinginterior.com\" \/>\n<meta property=\"og:description\" content=\"INFORMATIONS LEGALES Ce site est la propri\u00e9t\u00e9 de la soci\u00e9t\u00e9 LUST LIVING INTERIOR. Raison sociale: LUST LIVING INTERIORSi\u00e8ge social: 85 avenue Edouard Vaillant, 92100 Boulogne-BillancourtTel : 06 82 12 59 73, lea@lustlivinginterior.comEI dans le secteur des activit\u00e9s sp\u00e9cialis\u00e9es de design et de l\u2019architecture d\u2019int\u00e9rieurSIREN : 983030206G\u00e9rant : Mme Lea LustDirecteur de publication : Mme Lea [&hellip;]\" \/>\n<meta property=\"og:url\" content=\"https:\/\/lustlivinginterior.com\/?page_id=20\" \/>\n<meta property=\"og:site_name\" content=\"www.lustlivinginterior.com\" \/>\n<meta property=\"article:modified_time\" content=\"2024-02-13T12:34:17+00:00\" \/>\n<meta name=\"twitter:card\" content=\"summary_large_image\" \/>\n<meta name=\"twitter:label1\" content=\"Est. reading time\" \/>\n\t<meta name=\"twitter:data1\" content=\"3 minutes\" \/>\n<script type=\"application\/ld+json\" class=\"yoast-schema-graph\">{\"@context\":\"https:\\\/\\\/schema.org\",\"@graph\":[{\"@type\":\"WebPage\",\"@id\":\"https:\\\/\\\/lustlivinginterior.com\\\/?page_id=20\",\"url\":\"https:\\\/\\\/lustlivinginterior.com\\\/?page_id=20\",\"name\":\"Politique de confidentialit\u00e9 et Mentions l\u00e9gales - www.lustlivinginterior.com\",\"isPartOf\":{\"@id\":\"https:\\\/\\\/lustlivinginterior.com\\\/#website\"},\"datePublished\":\"2023-12-27T10:24:23+00:00\",\"dateModified\":\"2024-02-13T12:34:17+00:00\",\"breadcrumb\":{\"@id\":\"https:\\\/\\\/lustlivinginterior.com\\\/?page_id=20#breadcrumb\"},\"inLanguage\":\"en-US\",\"potentialAction\":[{\"@type\":\"ReadAction\",\"target\":[\"https:\\\/\\\/lustlivinginterior.com\\\/?page_id=20\"]}]},{\"@type\":\"BreadcrumbList\",\"@id\":\"https:\\\/\\\/lustlivinginterior.com\\\/?page_id=20#breadcrumb\",\"itemListElement\":[{\"@type\":\"ListItem\",\"position\":1,\"name\":\"Accueil\",\"item\":\"https:\\\/\\\/lustlivinginterior.com\\\/\"},{\"@type\":\"ListItem\",\"position\":2,\"name\":\"Politique de confidentialit\u00e9 et Mentions l\u00e9gales\"}]},{\"@type\":\"WebSite\",\"@id\":\"https:\\\/\\\/lustlivinginterior.com\\\/#website\",\"url\":\"https:\\\/\\\/lustlivinginterior.com\\\/\",\"name\":\"www.lustlivinginterior.com\",\"description\":\"\",\"publisher\":{\"@id\":\"https:\\\/\\\/lustlivinginterior.com\\\/#organization\"},\"potentialAction\":[{\"@type\":\"SearchAction\",\"target\":{\"@type\":\"EntryPoint\",\"urlTemplate\":\"https:\\\/\\\/lustlivinginterior.com\\\/?s={search_term_string}\"},\"query-input\":{\"@type\":\"PropertyValueSpecification\",\"valueRequired\":true,\"valueName\":\"search_term_string\"}}],\"inLanguage\":\"en-US\"},{\"@type\":\"Organization\",\"@id\":\"https:\\\/\\\/lustlivinginterior.com\\\/#organization\",\"name\":\"www.lustlivinginterior.com\",\"url\":\"https:\\\/\\\/lustlivinginterior.com\\\/\",\"logo\":{\"@type\":\"ImageObject\",\"inLanguage\":\"en-US\",\"@id\":\"https:\\\/\\\/lustlivinginterior.com\\\/#\\\/schema\\\/logo\\\/image\\\/\",\"url\":\"https:\\\/\\\/lustlivinginterior.com\\\/wp-content\\\/uploads\\\/2024\\\/01\\\/cropped-LLI-LOGO-ENTIER-CENTRE-scaled-1.jpg\",\"contentUrl\":\"https:\\\/\\\/lustlivinginterior.com\\\/wp-content\\\/uploads\\\/2024\\\/01\\\/cropped-LLI-LOGO-ENTIER-CENTRE-scaled-1.jpg\",\"width\":1807,\"height\":1289,\"caption\":\"www.lustlivinginterior.com\"},\"image\":{\"@id\":\"https:\\\/\\\/lustlivinginterior.com\\\/#\\\/schema\\\/logo\\\/image\\\/\"}}]}<\/script>\n<!-- \/ Yoast SEO plugin. -->","yoast_head_json":{"title":"Politique de confidentialit\u00e9 et Mentions l\u00e9gales - www.lustlivinginterior.com","robots":{"index":"index","follow":"follow","max-snippet":"max-snippet:-1","max-image-preview":"max-image-preview:large","max-video-preview":"max-video-preview:-1"},"canonical":"https:\/\/lustlivinginterior.com\/?page_id=20","og_locale":"en_US","og_type":"article","og_title":"Politique de confidentialit\u00e9 et Mentions l\u00e9gales - www.lustlivinginterior.com","og_description":"INFORMATIONS LEGALES Ce site est la propri\u00e9t\u00e9 de la soci\u00e9t\u00e9 LUST LIVING INTERIOR. Raison sociale: LUST LIVING INTERIORSi\u00e8ge social: 85 avenue Edouard Vaillant, 92100 Boulogne-BillancourtTel : 06 82 12 59 73, lea@lustlivinginterior.comEI dans le secteur des activit\u00e9s sp\u00e9cialis\u00e9es de design et de l\u2019architecture d\u2019int\u00e9rieurSIREN : 983030206G\u00e9rant : Mme Lea LustDirecteur de publication : Mme Lea [&hellip;]","og_url":"https:\/\/lustlivinginterior.com\/?page_id=20","og_site_name":"www.lustlivinginterior.com","article_modified_time":"2024-02-13T12:34:17+00:00","twitter_card":"summary_large_image","twitter_misc":{"Est. reading time":"3 minutes"},"schema":{"@context":"https:\/\/schema.org","@graph":[{"@type":"WebPage","@id":"https:\/\/lustlivinginterior.com\/?page_id=20","url":"https:\/\/lustlivinginterior.com\/?page_id=20","name":"Politique de confidentialit\u00e9 et Mentions l\u00e9gales - www.lustlivinginterior.com","isPartOf":{"@id":"https:\/\/lustlivinginterior.com\/#website"},"datePublished":"2023-12-27T10:24:23+00:00","dateModified":"2024-02-13T12:34:17+00:00","breadcrumb":{"@id":"https:\/\/lustlivinginterior.com\/?page_id=20#breadcrumb"},"inLanguage":"en-US","potentialAction":[{"@type":"ReadAction","target":["https:\/\/lustlivinginterior.com\/?page_id=20"]}]},{"@type":"BreadcrumbList","@id":"https:\/\/lustlivinginterior.com\/?page_id=20#breadcrumb","itemListElement":[{"@type":"ListItem","position":1,"name":"Accueil","item":"https:\/\/lustlivinginterior.com\/"},{"@type":"ListItem","position":2,"name":"Politique de confidentialit\u00e9 et Mentions l\u00e9gales"}]},{"@type":"WebSite","@id":"https:\/\/lustlivinginterior.com\/#website","url":"https:\/\/lustlivinginterior.com\/","name":"www.lustlivinginterior.com","description":"","publisher":{"@id":"https:\/\/lustlivinginterior.com\/#organization"},"potentialAction":[{"@type":"SearchAction","target":{"@type":"EntryPoint","urlTemplate":"https:\/\/lustlivinginterior.com\/?s={search_term_string}"},"query-input":{"@type":"PropertyValueSpecification","valueRequired":true,"valueName":"search_term_string"}}],"inLanguage":"en-US"},{"@type":"Organization","@id":"https:\/\/lustlivinginterior.com\/#organization","name":"www.lustlivinginterior.com","url":"https:\/\/lustlivinginterior.com\/","logo":{"@type":"ImageObject","inLanguage":"en-US","@id":"https:\/\/lustlivinginterior.com\/#\/schema\/logo\/image\/","url":"https:\/\/lustlivinginterior.com\/wp-content\/uploads\/2024\/01\/cropped-LLI-LOGO-ENTIER-CENTRE-scaled-1.jpg","contentUrl":"https:\/\/lustlivinginterior.com\/wp-content\/uploads\/2024\/01\/cropped-LLI-LOGO-ENTIER-CENTRE-scaled-1.jpg","width":1807,"height":1289,"caption":"www.lustlivinginterior.com"},"image":{"@id":"https:\/\/lustlivinginterior.com\/#\/schema\/logo\/image\/"}}]}},"_links":{"self":[{"href":"https:\/\/lustlivinginterior.com\/index.php?rest_route=\/wp\/v2\/pages\/20","targetHints":{"allow":["GET"]}}],"collection":[{"href":"https:\/\/lustlivinginterior.com\/index.php?rest_route=\/wp\/v2\/pages"}],"about":[{"href":"https:\/\/lustlivinginterior.com\/index.php?rest_route=\/wp\/v2\/types\/page"}],"author":[{"embeddable":true,"href":"https:\/\/lustlivinginterior.com\/index.php?rest_route=\/wp\/v2\/users\/1"}],"replies":[{"embeddable":true,"href":"https:\/\/lustlivinginterior.com\/index.php?rest_route=%2Fwp%2Fv2%2Fcomments&post=20"}],"version-history":[{"count":28,"href":"https:\/\/lustlivinginterior.com\/index.php?rest_route=\/wp\/v2\/pages\/20\/revisions"}],"predecessor-version":[{"id":996,"href":"https:\/\/lustlivinginterior.com\/index.php?rest_route=\/wp\/v2\/pages\/20\/revisions\/996"}],"wp:attachment":[{"href":"https:\/\/lustlivinginterior.com\/index.php?rest_route=%2Fwp%2Fv2%2Fmedia&parent=20"}],"curies":[{"name":"wp","href":"https:\/\/api.w.org\/{rel}","templated":true}]}}